{"id":85,"date":"2026-03-30T18:39:12","date_gmt":"2026-03-30T18:39:12","guid":{"rendered":"https:\/\/sandraf-artinstitute.com\/?page_id=85"},"modified":"2026-04-16T17:53:54","modified_gmt":"2026-04-16T17:53:54","slug":"a-propos-fr","status":"publish","type":"page","link":"https:\/\/sandraf-artinstitute.com\/index.php\/a-propos-fr\/","title":{"rendered":"A propos &#8211; FR"},"content":{"rendered":"<div class=\"et_pb_section_0 et_pb_section et_section_regular et_block_section\">\n<div class=\"et_pb_row_0 et_pb_row et_pb_equal_columns et_pb_gutters1 et_block_row\">\n<div class=\"et_pb_column_0 et_pb_column et_pb_column_1_2 et_block_column et_pb_css_mix_blend_mode_passthrough\">\n<div class=\"et_pb_divider_0 et_pb_divider_hidden et_pb_space et_pb_divider_position_top et_pb_module\"><div class=\"et_pb_divider_internal\"><\/div><\/div>\n<\/div>\n\n<div class=\"et_pb_column_1 et_pb_column et_pb_column_1_2 et-last-child et_block_column et_pb_css_mix_blend_mode_passthrough\">\n<div class=\"et_pb_text_0 et_pb_text et_pb_bg_layout_light et_pb_module et_block_module preset--module--divi-text--e6504a1b-67eb-4b3d-b023-bcab277610b6\"><div class=\"et_pb_text_inner\"><h4>A propos<\/h4>\n<\/div><\/div>\n\n<div class=\"et_pb_text_1 et_pb_text et_pb_bg_layout_light et_pb_module et_block_module preset--module--divi-text--1f09816e-184e-4ce5-a4cf-b39c52c423ca\"><div class=\"et_pb_text_inner\"><p class=\"p1\">Cette initiative a pour vocation de faire part et d\u2019appr\u00e9cier l\u2019art avec une attention particuli\u00e8re sur l\u2019art contemporain.<\/p>\n<p class=\"p1\">Elle soutient la cr\u00e9ation qu\u2019elle soit classique ou \u00e9mergente en rappelant que l\u2019art est un espace de cr\u00e9ation capable de r\u00e9pondre \u00e0 la curiosit\u00e9 de chacun, o\u00f9 qu\u2019il soit et d\u2019o\u00f9 qu\u2019il vienne, amateur, artiste, curieux de d\u00e9couvrir ou collectionneur.<\/p>\n<p class=\"p1\">Langage universel, l\u2019art nourrit nos imaginaires, apporte un plaisir de vivre et un bien \u00eatre bien au-del\u00e0 d\u2019un simple objet culturel. C\u2019est aussi un espace de libert\u00e9, o\u00f9 s\u2019exprime les id\u00e9es, les \u00e9motions et les questionnements de l\u2019\u00e9poque. Son regard singulier permet aussi de mieux comprendre le monde qui nous entoure.<\/p>\n<p class=\"p1\">Pour participer, vous pouvez envoyer vos photos d\u2019art, de mus\u00e9es, de monuments, d\u2019expositions \u00e0 l\u2019adresse mail suivante : contact@sandraf-artinstitute.com<\/p>\n<p class=\"p1\">Elles seront s\u00e9lectionn\u00e9es et ensuite publi\u00e9es sur le compte priv\u00e9 Instagram suivant\u00a0o\u00f9 vous pourrez vous connecter\u00a0une fois les photos s\u00e9lectionn\u00e9es : sandrafavarettoSfv<\/p>\n<\/div><\/div>\n<\/div>\n<\/div>\n<\/div>\n\n<div class=\"et_pb_section_1 et_pb_section et_section_regular et_block_section\">\n<div class=\"et_pb_row_1 et_pb_row et_pb_equal_columns et_pb_gutters1 et_block_row\">\n<div class=\"et_pb_column_2 et_pb_column et_pb_column_1_2 et_block_column et_pb_css_mix_blend_mode_passthrough\">\n<div class=\"et_pb_text_2 et_pb_text et_pb_bg_layout_light et_pb_module et_block_module preset--module--divi-text--b327cbe4-b1d5-4b66-ad37-40c8f2f061ba\"><div class=\"et_pb_text_inner\"><h2>Quelques r\u00e8gles d'esth\u00e9tiques des photos :<\/h2>\n<\/div><\/div>\n\n<div class=\"et_pb_text_3 et_pb_text et_pb_bg_layout_light et_pb_module et_block_module preset--module--divi-text--1f09816e-184e-4ce5-a4cf-b39c52c423ca\"><div class=\"et_pb_text_inner\"><ol class=\"ol1\">\n<li class=\"li1\">Des photos d\u2019art, maximum 5 photos par personne<\/li>\n<li class=\"li1\">De bonne qualit\u00e9<\/li>\n<li class=\"li1\">Pas de vid\u00e9o<\/li>\n<li class=\"li1\">Sans images attentatoires (type violence, nudit\u00e9...)<\/li>\n<li class=\"li1\">Pas de photos de personnes<\/li>\n<\/ol>\n<\/div><\/div>\n\n<div class=\"et_pb_module et_pb_button_module_wrapper et_pb_button_0_wrapper preset--module--divi-button--f489fdc3-bf1e-40c7-852b-c42851d4acb9_wrapper\"><a class=\"et_pb_button_0 et_pb_button et_pb_bg_layout_light et_pb_module et_block_module preset--module--divi-button--f489fdc3-bf1e-40c7-852b-c42851d4acb9\" href=\"mailto:contact@sandraf-artinstitute.com\">Envoyer mes photos<\/a><\/div>\n<\/div>\n\n<div class=\"et_pb_column_3 et_pb_column et_pb_column_1_2 et-last-child et_block_column et_pb_css_mix_blend_mode_passthrough\">\n<div class=\"et_pb_divider_1 et_pb_divider_hidden et_pb_space et_pb_divider_position_top et_pb_module\"><div class=\"et_pb_divider_internal\"><\/div><\/div>\n<\/div>\n<\/div>\n<\/div>\n\n<div class=\"et_pb_section_2 et_pb_section et_section_regular et_flex_section\">\n<div class=\"et_pb_row_2 et_pb_row et_flex_row\">\n<div class=\"et_pb_column_4 et_pb_column et_flex_column et_pb_css_mix_blend_mode_passthrough et_flex_column_12_24 et_flex_column_12_24_tablet et_flex_column_24_24_phone\">\n<div class=\"et_pb_module et_pb_button_module_wrapper et_pb_button_1_wrapper\"><a class=\"et_pb_button_1 et_pb_button et_pb_bg_layout_light et_pb_module et_flex_module\" href=\"\">Fran\u00e7ais<\/a><\/div>\n\n<div class=\"et_pb_module et_pb_button_module_wrapper et_pb_button_2_wrapper\"><a class=\"et_pb_button_2 et_pb_button et_pb_bg_layout_light et_pb_module et_flex_module\" href=\"https:\/\/sandraf-artinstitute.com\/index.php\/a-propos-en\/\">Anglais<\/a><\/div>\n<\/div>\n\n<div class=\"et_pb_column_5 et_pb_column et-last-child et_flex_column et_pb_css_mix_blend_mode_passthrough et_flex_column_12_24 et_flex_column_12_24_tablet et_flex_column_24_24_phone\">\n<div class=\"et_pb_module et_pb_button_module_wrapper et_pb_button_3_wrapper\"><a class=\"et_pb_button_3 et_pb_button et_pb_bg_layout_light et_pb_module et_flex_module\" href=\"https:\/\/sandraf-artinstitute.com\/index.php\/mentions-legales-fr\/\">Mentions l\u00e9gales<\/a><\/div>\n<\/div>\n<\/div>\n<\/div>","protected":false},"excerpt":{"rendered":"","protected":false},"author":1,"featured_media":0,"parent":0,"menu_order":0,"comment_status":"closed","ping_status":"closed","template":"","meta":{"footnotes":""},"class_list":["post-85","page","type-page","status-publish","hentry"],"_links":{"self":[{"href":"https:\/\/sandraf-artinstitute.com\/index.php\/wp-json\/wp\/v2\/pages\/85","targetHints":{"allow":["GET"]}}],"collection":[{"href":"https:\/\/sandraf-artinstitute.com\/index.php\/wp-json\/wp\/v2\/pages"}],"about":[{"href":"https:\/\/sandraf-artinstitute.com\/index.php\/wp-json\/wp\/v2\/types\/page"}],"author":[{"embeddable":true,"href":"https:\/\/sandraf-artinstitute.com\/index.php\/wp-json\/wp\/v2\/users\/1"}],"replies":[{"embeddable":true,"href":"https:\/\/sandraf-artinstitute.com\/index.php\/wp-json\/wp\/v2\/comments?post=85"}],"version-history":[{"count":24,"href":"https:\/\/sandraf-artinstitute.com\/index.php\/wp-json\/wp\/v2\/pages\/85\/revisions"}],"predecessor-version":[{"id":242,"href":"https:\/\/sandraf-artinstitute.com\/index.php\/wp-json\/wp\/v2\/pages\/85\/revisions\/242"}],"wp:attachment":[{"href":"https:\/\/sandraf-artinstitute.com\/index.php\/wp-json\/wp\/v2\/media?parent=85"}],"curies":[{"name":"wp","href":"https:\/\/api.w.org\/{rel}","templated":true}]}}

<div class="et_pb_section_0 et_pb_section et_section_regular et_block_section">
<div class="et_pb_row_0 et_pb_row et_pb_equal_columns et_pb_gutters1 et_block_row">
<div class="et_pb_column_0 et_pb_column et_pb_column_1_2 et_block_column et_pb_css_mix_blend_mode_passthrough">
<div class="et_pb_divider_0 et_pb_divider_hidden et_pb_space et_pb_divider_position_top et_pb_module"><div class="et_pb_divider_internal"></div></div>
</div>

<div class="et_pb_column_1 et_pb_column et_pb_column_1_2 et-last-child et_block_column et_pb_css_mix_blend_mode_passthrough">
<div class="et_pb_text_0 et_pb_text et_pb_bg_layout_light et_pb_module et_block_module preset--module--divi-text--e6504a1b-67eb-4b3d-b023-bcab277610b6"><div class="et_pb_text_inner"><h4>A propos</h4>
</div></div>

<div class="et_pb_text_1 et_pb_text et_pb_bg_layout_light et_pb_module et_block_module preset--module--divi-text--1f09816e-184e-4ce5-a4cf-b39c52c423ca"><div class="et_pb_text_inner"><p class="p1">Cette initiative a pour vocation de faire part et d’apprécier l’art avec une attention particulière sur l’art contemporain.</p>
<p class="p1">Elle soutient la création qu’elle soit classique ou émergente en rappelant que l’art est un espace de création capable de répondre à la curiosité de chacun, où qu’il soit et d’où qu’il vienne, amateur, artiste, curieux de découvrir ou collectionneur.</p>
<p class="p1">Langage universel, l’art nourrit nos imaginaires, apporte un plaisir de vivre et un bien être bien au-delà d’un simple objet culturel. C’est aussi un espace de liberté, où s’exprime les idées, les émotions et les questionnements de l’époque. Son regard singulier permet aussi de mieux comprendre le monde qui nous entoure.</p>
<p class="p1">Pour participer, vous pouvez envoyer vos photos d’art, de musées, de monuments, d’expositions à l’adresse mail suivante : contact@sandraf-artinstitute.com</p>
<p class="p1">Elles seront sélectionnées et ensuite publiées sur le compte privé Instagram suivant où vous pourrez vous connecter une fois les photos sélectionnées : sandrafavarettoSfv</p>
</div></div>
</div>
</div>
</div>

<div class="et_pb_section_1 et_pb_section et_section_regular et_block_section">
<div class="et_pb_row_1 et_pb_row et_pb_equal_columns et_pb_gutters1 et_block_row">
<div class="et_pb_column_2 et_pb_column et_pb_column_1_2 et_block_column et_pb_css_mix_blend_mode_passthrough">
<div class="et_pb_text_2 et_pb_text et_pb_bg_layout_light et_pb_module et_block_module preset--module--divi-text--b327cbe4-b1d5-4b66-ad37-40c8f2f061ba"><div class="et_pb_text_inner"><h2>Quelques règles d'esthétiques des photos :</h2>
</div></div>

<div class="et_pb_text_3 et_pb_text et_pb_bg_layout_light et_pb_module et_block_module preset--module--divi-text--1f09816e-184e-4ce5-a4cf-b39c52c423ca"><div class="et_pb_text_inner"><ol class="ol1">
<li class="li1">Des photos d’art, maximum 5 photos par personne</li>
<li class="li1">De bonne qualité</li>
<li class="li1">Pas de vidéo</li>
<li class="li1">Sans images attentatoires (type violence, nudité...)</li>
<li class="li1">Pas de photos de personnes</li>
</ol>
</div></div>

<div class="et_pb_module et_pb_button_module_wrapper et_pb_button_0_wrapper preset--module--divi-button--f489fdc3-bf1e-40c7-852b-c42851d4acb9_wrapper"><a class="et_pb_button_0 et_pb_button et_pb_bg_layout_light et_pb_module et_block_module preset--module--divi-button--f489fdc3-bf1e-40c7-852b-c42851d4acb9" href="mailto:contact@sandraf-artinstitute.com">Envoyer mes photos</a></div>
</div>

<div class="et_pb_column_3 et_pb_column et_pb_column_1_2 et-last-child et_block_column et_pb_css_mix_blend_mode_passthrough">
<div class="et_pb_divider_1 et_pb_divider_hidden et_pb_space et_pb_divider_position_top et_pb_module"><div class="et_pb_divider_internal"></div></div>
</div>
</div>
</div>

<div class="et_pb_section_2 et_pb_section et_section_regular et_flex_section">
<div class="et_pb_row_2 et_pb_row et_flex_row">
<div class="et_pb_column_4 et_pb_column et_flex_column et_pb_css_mix_blend_mode_passthrough et_flex_column_12_24 et_flex_column_12_24_tablet et_flex_column_24_24_phone">
<div class="et_pb_module et_pb_button_module_wrapper et_pb_button_1_wrapper"><a class="et_pb_button_1 et_pb_button et_pb_bg_layout_light et_pb_module et_flex_module" href="">Français</a></div>

<div class="et_pb_module et_pb_button_module_wrapper et_pb_button_2_wrapper"><a class="et_pb_button_2 et_pb_button et_pb_bg_layout_light et_pb_module et_flex_module" href="https://sandraf-artinstitute.com/index.php/a-propos-en/">Anglais</a></div>
</div>

<div class="et_pb_column_5 et_pb_column et-last-child et_flex_column et_pb_css_mix_blend_mode_passthrough et_flex_column_12_24 et_flex_column_12_24_tablet et_flex_column_24_24_phone">
<div class="et_pb_module et_pb_button_module_wrapper et_pb_button_3_wrapper"><a class="et_pb_button_3 et_pb_button et_pb_bg_layout_light et_pb_module et_flex_module" href="https://sandraf-artinstitute.com/index.php/mentions-legales-fr/">Mentions légales</a></div>
</div>
</div>
</div>
